{"id":253,"date":"2017-03-15T22:37:07","date_gmt":"2017-03-15T21:37:07","guid":{"rendered":"http:\/\/anna-soltysik.pl\/?page_id=253"},"modified":"2018-02-16T20:35:52","modified_gmt":"2018-02-16T19:35:52","slug":"instalations","status":"publish","type":"page","link":"https:\/\/anna-soltysik.pl\/index.php\/sculptures\/instalations\/","title":{"rendered":"Installations"},"content":{"rendered":"<p style=\"text-align: center;\"><strong>&#8216;The contour of a cow&#8217;<\/strong> made during the International Artistic Action in Wola S\u0119kowa (2016)<\/p>\n\n\t\t<style type=\"text\/css\">\n\t\t\t#gallery-1 {\n\t\t\t\tmargin: auto;\n\t\t\t}\n\t\t\t#gallery-1 .gallery-item {\n\t\t\t\tfloat: left;\n\t\t\t\tmargin-top: 10px;\n\t\t\t\ttext-align: center;\n\t\t\t\twidth: 33%;\n\t\t\t}\n\t\t\t#gallery-1 img {\n\t\t\t\tborder: 2px solid #cfcfcf;\n\t\t\t}\n\t\t\t#gallery-1 .gallery-caption {\n\t\t\t\tmargin-left: 0;\n\t\t\t}\n\t\t\t\/* see gallery_shortcode() in wp-includes\/media.php *\/\n\t\t<\/style>\n\t\t<div id='gallery-1' class='gallery galleryid-253 gallery-columns-3 gallery-size-thumbnail'><dl class='gallery-item'>\n\t\t\t<dt class='gallery-icon portrait'>\n\t\t\t\t<a href='https:\/\/anna-soltysik.pl\/wp-content\/uploads\/2017\/03\/SAM_1737x.jpg' title=\"\" data-rl_title=\"\" class=\"rl-gallery-link\" data-rl_caption=\"\" data-rel=\"lightbox-gallery-1\"><img width=\"150\" height=\"150\" src=\"https:\/\/anna-soltysik.pl\/wp-content\/uploads\/2017\/03\/SAM_1737x-150x150.jpg\" class=\"attachment-thumbnail size-thumbnail\" alt=\"\" loading=\"lazy\" srcset=\"https:\/\/anna-soltysik.pl\/wp-content\/uploads\/2017\/03\/SAM_1737x-150x150.jpg 150w, https:\/\/anna-soltysik.pl\/wp-content\/uploads\/2017\/03\/SAM_1737x-400x400.jpg 400w\" sizes=\"(max-width: 150px) 100vw, 150px\" \/><\/a>\n\t\t\t<\/dt><\/dl><dl class='gallery-item'>\n\t\t\t<dt class='gallery-icon landscape'>\n\t\t\t\t<a href='https:\/\/anna-soltysik.pl\/wp-content\/uploads\/2017\/03\/SAM_1755x.jpg' title=\"\" data-rl_title=\"\" class=\"rl-gallery-link\" data-rl_caption=\"\" data-rel=\"lightbox-gallery-1\"><img width=\"150\" height=\"150\" src=\"https:\/\/anna-soltysik.pl\/wp-content\/uploads\/2017\/03\/SAM_1755x-150x150.jpg\" class=\"attachment-thumbnail size-thumbnail\" alt=\"\" loading=\"lazy\" srcset=\"https:\/\/anna-soltysik.pl\/wp-content\/uploads\/2017\/03\/SAM_1755x-150x150.jpg 150w, https:\/\/anna-soltysik.pl\/wp-content\/uploads\/2017\/03\/SAM_1755x-400x400.jpg 400w\" sizes=\"(max-width: 150px) 100vw, 150px\" \/><\/a>\n\t\t\t<\/dt><\/dl><dl class='gallery-item'>\n\t\t\t<dt class='gallery-icon landscape'>\n\t\t\t\t<a href='https:\/\/anna-soltysik.pl\/wp-content\/uploads\/2017\/03\/SAM_1756x.jpg' title=\"\" data-rl_title=\"\" class=\"rl-gallery-link\" data-rl_caption=\"\" data-rel=\"lightbox-gallery-1\"><img width=\"150\" height=\"150\" src=\"https:\/\/anna-soltysik.pl\/wp-content\/uploads\/2017\/03\/SAM_1756x-150x150.jpg\" class=\"attachment-thumbnail size-thumbnail\" alt=\"\" loading=\"lazy\" srcset=\"https:\/\/anna-soltysik.pl\/wp-content\/uploads\/2017\/03\/SAM_1756x-150x150.jpg 150w, https:\/\/anna-soltysik.pl\/wp-content\/uploads\/2017\/03\/SAM_1756x-400x400.jpg 400w\" sizes=\"(max-width: 150px) 100vw, 150px\" \/><\/a>\n\t\t\t<\/dt><\/dl><br style=\"clear: both\" \/><dl class='gallery-item'>\n\t\t\t<dt class='gallery-icon landscape'>\n\t\t\t\t<a href='https:\/\/anna-soltysik.pl\/wp-content\/uploads\/2017\/03\/SAM_1780x.jpg' title=\"\" data-rl_title=\"\" class=\"rl-gallery-link\" data-rl_caption=\"\" data-rel=\"lightbox-gallery-1\"><img width=\"150\" height=\"150\" src=\"https:\/\/anna-soltysik.pl\/wp-content\/uploads\/2017\/03\/SAM_1780x-150x150.jpg\" class=\"attachment-thumbnail size-thumbnail\" alt=\"\" loading=\"lazy\" srcset=\"https:\/\/anna-soltysik.pl\/wp-content\/uploads\/2017\/03\/SAM_1780x-150x150.jpg 150w, https:\/\/anna-soltysik.pl\/wp-content\/uploads\/2017\/03\/SAM_1780x-400x400.jpg 400w\" sizes=\"(max-width: 150px) 100vw, 150px\" \/><\/a>\n\t\t\t<\/dt><\/dl><dl class='gallery-item'>\n\t\t\t<dt class='gallery-icon landscape'>\n\t\t\t\t<a href='https:\/\/anna-soltysik.pl\/wp-content\/uploads\/2017\/03\/SAM_1794x.jpg' title=\"\" data-rl_title=\"\" class=\"rl-gallery-link\" data-rl_caption=\"\" data-rel=\"lightbox-gallery-1\"><img width=\"150\" height=\"150\" src=\"https:\/\/anna-soltysik.pl\/wp-content\/uploads\/2017\/03\/SAM_1794x-150x150.jpg\" class=\"attachment-thumbnail size-thumbnail\" alt=\"\" loading=\"lazy\" srcset=\"https:\/\/anna-soltysik.pl\/wp-content\/uploads\/2017\/03\/SAM_1794x-150x150.jpg 150w, https:\/\/anna-soltysik.pl\/wp-content\/uploads\/2017\/03\/SAM_1794x-400x400.jpg 400w\" sizes=\"(max-width: 150px) 100vw, 150px\" \/><\/a>\n\t\t\t<\/dt><\/dl><dl class='gallery-item'>\n\t\t\t<dt class='gallery-icon landscape'>\n\t\t\t\t<a href='https:\/\/anna-soltysik.pl\/wp-content\/uploads\/2017\/03\/SAM_1822x.jpg' title=\"\" data-rl_title=\"\" class=\"rl-gallery-link\" data-rl_caption=\"\" data-rel=\"lightbox-gallery-1\"><img width=\"150\" height=\"150\" src=\"https:\/\/anna-soltysik.pl\/wp-content\/uploads\/2017\/03\/SAM_1822x-150x150.jpg\" class=\"attachment-thumbnail size-thumbnail\" alt=\"\" loading=\"lazy\" srcset=\"https:\/\/anna-soltysik.pl\/wp-content\/uploads\/2017\/03\/SAM_1822x-150x150.jpg 150w, https:\/\/anna-soltysik.pl\/wp-content\/uploads\/2017\/03\/SAM_1822x-400x400.jpg 400w\" sizes=\"(max-width: 150px) 100vw, 150px\" \/><\/a>\n\t\t\t<\/dt><\/dl><br style=\"clear: both\" \/><dl class='gallery-item'>\n\t\t\t<dt class='gallery-icon portrait'>\n\t\t\t\t<a href='https:\/\/anna-soltysik.pl\/wp-content\/uploads\/2017\/03\/SAM_1824x.jpg' title=\"\" data-rl_title=\"\" class=\"rl-gallery-link\" data-rl_caption=\"\" data-rel=\"lightbox-gallery-1\"><img width=\"150\" height=\"150\" src=\"https:\/\/anna-soltysik.pl\/wp-content\/uploads\/2017\/03\/SAM_1824x-150x150.jpg\" class=\"attachment-thumbnail size-thumbnail\" alt=\"\" loading=\"lazy\" srcset=\"https:\/\/anna-soltysik.pl\/wp-content\/uploads\/2017\/03\/SAM_1824x-150x150.jpg 150w, https:\/\/anna-soltysik.pl\/wp-content\/uploads\/2017\/03\/SAM_1824x-400x400.jpg 400w\" sizes=\"(max-width: 150px) 100vw, 150px\" \/><\/a>\n\t\t\t<\/dt><\/dl><dl class='gallery-item'>\n\t\t\t<dt class='gallery-icon portrait'>\n\t\t\t\t<a href='https:\/\/anna-soltysik.pl\/wp-content\/uploads\/2017\/03\/SAM_1827x.jpg' title=\"\" data-rl_title=\"\" class=\"rl-gallery-link\" data-rl_caption=\"\" data-rel=\"lightbox-gallery-1\"><img width=\"150\" height=\"150\" src=\"https:\/\/anna-soltysik.pl\/wp-content\/uploads\/2017\/03\/SAM_1827x-150x150.jpg\" class=\"attachment-thumbnail size-thumbnail\" alt=\"\" loading=\"lazy\" srcset=\"https:\/\/anna-soltysik.pl\/wp-content\/uploads\/2017\/03\/SAM_1827x-150x150.jpg 150w, https:\/\/anna-soltysik.pl\/wp-content\/uploads\/2017\/03\/SAM_1827x-400x400.jpg 400w\" sizes=\"(max-width: 150px) 100vw, 150px\" \/><\/a>\n\t\t\t<\/dt><\/dl><dl class='gallery-item'>\n\t\t\t<dt class='gallery-icon portrait'>\n\t\t\t\t<a href='https:\/\/anna-soltysik.pl\/wp-content\/uploads\/2017\/03\/SAM_1830x.jpg' title=\"\" data-rl_title=\"\" class=\"rl-gallery-link\" data-rl_caption=\"\" data-rel=\"lightbox-gallery-1\"><img width=\"150\" height=\"150\" src=\"https:\/\/anna-soltysik.pl\/wp-content\/uploads\/2017\/03\/SAM_1830x-150x150.jpg\" class=\"attachment-thumbnail size-thumbnail\" alt=\"\" loading=\"lazy\" srcset=\"https:\/\/anna-soltysik.pl\/wp-content\/uploads\/2017\/03\/SAM_1830x-150x150.jpg 150w, https:\/\/anna-soltysik.pl\/wp-content\/uploads\/2017\/03\/SAM_1830x-400x400.jpg 400w\" sizes=\"(max-width: 150px) 100vw, 150px\" \/><\/a>\n\t\t\t<\/dt><\/dl><br style=\"clear: both\" \/><dl class='gallery-item'>\n\t\t\t<dt class='gallery-icon landscape'>\n\t\t\t\t<a href='https:\/\/anna-soltysik.pl\/wp-content\/uploads\/2017\/03\/SAM_1831x.jpg' title=\"\" data-rl_title=\"\" class=\"rl-gallery-link\" data-rl_caption=\"\" data-rel=\"lightbox-gallery-1\"><img width=\"150\" height=\"150\" src=\"https:\/\/anna-soltysik.pl\/wp-content\/uploads\/2017\/03\/SAM_1831x-150x150.jpg\" class=\"attachment-thumbnail size-thumbnail\" alt=\"\" loading=\"lazy\" srcset=\"https:\/\/anna-soltysik.pl\/wp-content\/uploads\/2017\/03\/SAM_1831x-150x150.jpg 150w, https:\/\/anna-soltysik.pl\/wp-content\/uploads\/2017\/03\/SAM_1831x-400x400.jpg 400w\" sizes=\"(max-width: 150px) 100vw, 150px\" \/><\/a>\n\t\t\t<\/dt><\/dl>\n\t\t\t<br style='clear: both' \/>\n\t\t<\/div>\n\n<blockquote class=\"wp-embedded-content\" data-secret=\"8yZ5ZYNEvG\"><p><a href=\"http:\/\/www.uniwlud.pl\/?p=1680\">XI Mi\u0119dzynarodowa Akcja Artystyczna &#8211; Wola S\u0119kowa 2016<\/a><\/p><\/blockquote>\n<p><iframe class=\"wp-embedded-content\" sandbox=\"allow-scripts\" security=\"restricted\" style=\"position: absolute; clip: rect(1px, 1px, 1px, 1px);\" src=\"http:\/\/www.uniwlud.pl\/?p=1680&#038;embed=true#?secret=8yZ5ZYNEvG\" data-secret=\"8yZ5ZYNEvG\" width=\"600\" height=\"338\" title=\"&#8222;XI Mi\u0119dzynarodowa Akcja Artystyczna &#8211; Wola S\u0119kowa 2016&#8221; &#8212; Uniwersytet Ludowy Rzemios\u0142a Artystycznego\" frameborder=\"0\" marginwidth=\"0\" marginheight=\"0\" scrolling=\"no\"><\/iframe><\/p>\n","protected":false},"excerpt":{"rendered":"<p>&#8216;The contour of a cow&#8217; made during the International Artistic Action in Wola S\u0119kowa (2016)<\/p>\n","protected":false},"author":1,"featured_media":0,"parent":34,"menu_order":0,"comment_status":"closed","ping_status":"closed","template":"","meta":[],"_links":{"self":[{"href":"https:\/\/anna-soltysik.pl\/index.php\/wp-json\/wp\/v2\/pages\/253"}],"collection":[{"href":"https:\/\/anna-soltysik.pl\/index.php\/wp-json\/wp\/v2\/pages"}],"about":[{"href":"https:\/\/anna-soltysik.pl\/index.php\/wp-json\/wp\/v2\/types\/page"}],"author":[{"embeddable":true,"href":"https:\/\/anna-soltysik.pl\/index.php\/wp-json\/wp\/v2\/users\/1"}],"replies":[{"embeddable":true,"href":"https:\/\/anna-soltysik.pl\/index.php\/wp-json\/wp\/v2\/comments?post=253"}],"version-history":[{"count":9,"href":"https:\/\/anna-soltysik.pl\/index.php\/wp-json\/wp\/v2\/pages\/253\/revisions"}],"predecessor-version":[{"id":486,"href":"https:\/\/anna-soltysik.pl\/index.php\/wp-json\/wp\/v2\/pages\/253\/revisions\/486"}],"up":[{"embeddable":true,"href":"https:\/\/anna-soltysik.pl\/index.php\/wp-json\/wp\/v2\/pages\/34"}],"wp:attachment":[{"href":"https:\/\/anna-soltysik.pl\/index.php\/wp-json\/wp\/v2\/media?parent=253"}],"curies":[{"name":"wp","href":"https:\/\/api.w.org\/{rel}","templated":true}]}}